{"id":14,"date":"2019-12-06T09:38:24","date_gmt":"2019-12-06T09:38:24","guid":{"rendered":"http:\/\/barberpro.liquid-themes.com\/staging\/?page_id=14"},"modified":"2025-11-19T21:39:17","modified_gmt":"2025-11-19T20:39:17","slug":"barber-hub-homepage","status":"publish","type":"page","link":"https:\/\/mkdet.pl\/","title":{"rendered":"Barber Hub Homepage"},"content":{"rendered":"<p>[vc_row full_height=&#8221;yes&#8221; fade_scroll=&#8221;yes&#8221; parallax=&#8221;enable_parallax&#8221; enable_cc_circle=&#8221;yes&#8221; bg_attachment=&#8221;fixed&#8221; enable_overlay=&#8221;yes&#8221; enable_row_dividers=&#8221;yes&#8221; enable_loading_bg=&#8221;yes&#8221; css=&#8221;.vc_custom_1762977624323{padding-top: 100px !important;padding-bottom: 100px !important;background-image: url(https:\/\/mkdet.pl\/wp-content\/uploads\/2025\/11\/pngtree-abstract-neon-orange-and-yellow-light-illuminate-3d-rendered-brick-wall-picture-image_3653266.png?id=254) !important;background-position: center;background-repeat: no-repeat;background-size:cover;}&#8221; row_svg_divider=&#8221;top_shape_height:0|bottom_shape_type:9|bottom_shape_color:%20%23ffffff00|bottom_shape_height:90&#8243; overlay_bg=&#8221;rgba(0, 0, 0, 0.31)&#8221; responsive_css=&#8221;padding_top_medium:0px|padding_bottom_medium:0px|padding_top_small:60px|padding_bottom_small:60px&#8221; cc_circle_color=&#8221;rgb(255, 0, 0)&#8221;][vc_column enable_content_animation=&#8221;yes&#8221; ca_init_scale_x=&#8221;1&#8243; ca_init_scale_y=&#8221;1&#8243; ca_init_opacity=&#8221;0&#8243; ca_an_scale_x=&#8221;1&#8243; ca_an_scale_y=&#8221;1&#8243; ca_an_opacity=&#8221;1&#8243; ca_init_scale_z=&#8221;1&#8243; ca_an_scale_z=&#8221;1&#8243; align=&#8221;text-center&#8221; offset=&#8221;vc_col-md-offset-2 vc_col-md-8&#8243; ca_duration=&#8221;1800&#8243; ca_delay=&#8221;180&#8243; ca_init_translate_y=&#8221;45&#8243; ca_start_delay=&#8221;250&#8243; responsive_align=&#8221;text-center&#8221;]<style>.ld_fancy_heading_69e366174d6f7 h6{color:rgb(255, 255, 255);}.ld_fancy_heading_69e366174d6f7 h6 {font-size:11px; } .ld_fancy_heading_69e366174d6f7 h6 {font-weight:700; } .ld_fancy_heading_69e366174d6f7 h6 {letter-spacing:0.2em; } .ld_fancy_heading_69e366174d6f7 h6 {margin-bottom:2em !important;  } .ld_fancy_heading_69e366174d6f7 .lqd-highlight-inner{height:0.275em!important;bottom:0px!important;}.ld_fancy_heading_69e366174d6f7 h6 {font-size:11px; } .ld_fancy_heading_69e366174d6f7 h6 {font-weight:700; } .ld_fancy_heading_69e366174d6f7 h6 {letter-spacing:0.2em; } .ld_fancy_heading_69e366174d6f7 h6 {margin-bottom:2em !important;  } <\/style><div class=\"ld-fancy-heading text-uppercase ld_fancy_heading_69e366174d6f7\">\n\t<h6 class=\"ld-fh-element lqd-highlight-underline lqd-highlight-grow-left text-decoration-default\"   >  CAR DETAILING<\/h6><\/div><style>.ld_spacer_69e366174d8b3{height:12px;}<\/style>\n<div class=\"ld-empty-space ld_spacer_69e366174d8b3\"><\/div><style>.ld_fancy_heading_69e366174d9be h1{color:rgb(255, 255, 255);}.ld_fancy_heading_69e366174d9be h1 {font-size:9vw; } @media (min-width: 768px) { .ld_fancy_heading_69e366174d9be h1 {font-size:53px; }  } .ld_fancy_heading_69e366174d9be h1 {line-height:1.33em; } .ld_fancy_heading_69e366174d9be h1 {--element-line-height:1.33em; } .ld_fancy_heading_69e366174d9be h1 {font-weight:900; } .ld_fancy_heading_69e366174d9be .lqd-highlight-inner{height:0.275em!important;bottom:0px!important;}.ld_fancy_heading_69e366174d9be h1 {font-size:9vw; } @media (min-width: 768px) { .ld_fancy_heading_69e366174d9be h1 {font-size:53px; }  } .ld_fancy_heading_69e366174d9be h1 {line-height:1.33em; } .ld_fancy_heading_69e366174d9be h1 {--element-line-height:1.33em; } .ld_fancy_heading_69e366174d9be h1 {font-weight:900; } <\/style><div class=\"ld-fancy-heading mask-text text-uppercase ld_fancy_heading_69e366174d9be\">\n\t<h1 class=\"ld-fh-element lqd-highlight-underline lqd-highlight-grow-left text-decoration-default lqd-split-chars\"   data-split-text=\"true\" data-split-options='{\"type\":\"chars, words\"}' data-custom-animations=\"true\" data-ca-options='{\"triggerHandler\":\"inview\",\"animationTarget\":\".lqd-chars > .split-inner\",\"duration\":\"1800\",\"delay\":\"180\",\"ease\":\"bounce.inOut\",\"direction\":\"forward\",\"initValues\":{\"y\":71},\"animations\":{\"y\":0}}'>  BA\u0141AGAN STUDIO<\/h1><\/div><style>.ld_spacer_69e366174dab1{height:25px;}<\/style>\n<div class=\"ld-empty-space ld_spacer_69e366174dab1\"><\/div>[\/vc_column][vc_column enable_content_animation=&#8221;yes&#8221; ca_init_scale_x=&#8221;1&#8243; ca_init_scale_y=&#8221;1&#8243; ca_init_opacity=&#8221;0&#8243; ca_an_scale_x=&#8221;1&#8243; ca_an_scale_y=&#8221;1&#8243; ca_an_opacity=&#8221;1&#8243; ca_init_scale_z=&#8221;1&#8243; ca_an_scale_z=&#8221;1&#8243; align=&#8221;text-center&#8221; el_id=&#8221;scroll-down-link-container&#8221; ca_duration=&#8221;1800&#8243; ca_start_delay=&#8221;1000&#8243; ca_delay=&#8221;180&#8243; ca_init_translate_y=&#8221;40&#8243; responsive_align=&#8221;text-center&#8221;]<style>.ld_button_69e366174db71 .btn-icon{color:rgb(0, 0, 0);font-size:18px;}.ld_button_69e366174db71:hover .btn-icon{color:rgb(255, 255, 255);}.ld_button_69e366174db71.btn-icon-solid .btn-icon{background:rgb(255, 255, 255);}.ld_button_69e366174db71.btn-icon-solid:hover .btn-icon{background:rgb(0, 0, 0);}<\/style><a href=\"#\" class=\"btn btn-naked text-lowercase btn-icon-block btn-icon-md btn-icon-round btn-icon-solid btn-no-label ld_button_69e366174db71\" data-localscroll=\"true\" data-localscroll-options=\"{&quot;scrollBelowSection&quot;:true}\" >\n\t<span>\n\t\n\t\t\n\t<span class=\"btn-icon\"><i class=\"lqd-icn-ess icon-ion-ios-arrow-down\"><\/i><\/span>\t\t\t\t<\/span>\n<\/a>\n[\/vc_column][\/vc_row][vc_row full_width=&#8221;stretch_row&#8221; gap=&#8221;35&#8243; content_placement=&#8221;middle&#8221; row_sticky_row=&#8221;yes&#8221; fade_scroll=&#8221;yes&#8221; luminosity=&#8221;&#8221; css=&#8221;.vc_custom_1762974249324{margin-left: 250px !important;}&#8221;][vc_column width=&#8221;1\/2&#8243;]\n<style>.ld_typewriter_69e366174df84 h3{color:rgb(255, 180, 7);}<\/style>\n<div id=\"ld_typewriter_69e366174df84\" class=\"lqd-typewriter ld_typewriter_69e366174df84\">\n\t<h3 data-typewriter=\"true\">\n\t\tKilka s\u0142\u00f3w o car detailingu&#8230;\t<\/h3>\n<\/div>[\/vc_column][vc_column width=&#8221;1\/2&#8243;][\/vc_column][\/vc_row][vc_row full_width=&#8221;stretch_row&#8221; content_placement=&#8221;middle&#8221; css=&#8221;.vc_custom_1762975905955{margin-top: 50px !important;margin-right: 50px !important;margin-left: 50px !important;}&#8221;][vc_column width=&#8221;1\/2&#8243;]<style>.ld_masked_image_69e366174e3a3 .clip-svg{clip-path:url(#svg-ld_masked_image_69e366174e3a3 );-webkit-clip-path:url(#svg-ld_masked_image_69e366174e3a3 );background-position-x:25;background-position-y:25;}<\/style><div class=\"ld-masked-image ld_masked_image_69e366174e3a3\" id=\"ld_masked_image_69e366174e3a3\" data-dynamic-shape=\"true\">\n\t<svg class=\"scene\" viewBox=\"140 140 140 140\">\n\t\t\t\t\t\t<defs>\n\t\t\t\t\t\t\t<clipPath id=\"svg-ld_masked_image_69e366174e3a3\" clipPathUnits=\"objectBoundingBox\" transform=\"scale(0.00158)\">\n\t\t\t\t\t\t\t\t<path\n\t\t\t\t\t\t\t\t\tvector-effect=\"non-scaling-stroke\"\n\t\t\t\t\t\t\t\t\tfill=\"black\"\n\t\t\t\t\t\t\t\t\td=\"M212.625,0.091 C319.112,-2.992 719.225,71.583 615.507,328.179 C511.789,584.775 250.263,624.292 112.94,568.057 C-24.383,511.822 -12.023,229.89 23.583,138.127 C59.189,46.364 106.138,3.174 212.625,0.091 Z\"\n\t\t\t\t\t\t\t\t\tpathdata:id=\"M362.5,4 C487,4 631,-44 631,201.5 C631,447 538,623.5 310.5,581.5 C83,539.5 -29.917,266.627 7,156.5 C43.917,46.373 238,4 362.5,4 Z;M370,18 C494.5,18 627,-56.5 627,189 C627,434.5 405.5,573.5 155.5,581 C-94.5,588.5 23.083,175.127 60,65 C96.917,-45.127 245.5,18 370,18 Z\"\n\t\t\t\t\t\t\t\t\/>\n\t\t\t\t\t\t\t<\/clipPath>\n\t\t\t\t\t\t<\/defs>\n\t\t\t\t\t<\/svg>\t<figure class=\"clip-svg bg-cover bg-cente\" data-responsive-bg=\"true\"><img decoding=\"async\" width=\"1024\" height=\"768\" src=\"https:\/\/mkdet.pl\/wp-content\/uploads\/2025\/11\/9009105048_5ca1002a1a_b.jpg\" class=\"attachment-full size-full\" alt=\"\" srcset=\"https:\/\/mkdet.pl\/wp-content\/uploads\/2025\/11\/9009105048_5ca1002a1a_b.jpg 1024w, https:\/\/mkdet.pl\/wp-content\/uploads\/2025\/11\/9009105048_5ca1002a1a_b-300x225.jpg 300w\" sizes=\"(max-width: 1024px) 100vw, 1024px\" itemprop=\"image\" \/><\/figure><\/div>[\/vc_column][vc_column enable_hover_move=&#8221;lqd-column-move-onhover&#8221; hover_move_value=&#8221;-35px&#8221; width=&#8221;1\/2&#8243; enable_content_animation=&#8221;yes&#8221; animation_preset=&#8221;Fade In Right&#8221; ca_delay=&#8221;70&#8243;][vc_column_text]<\/p>\n<h3>Auto detailing to\u00a0<b>proces kompleksowego czyszczenia, renowacji i konserwacji pojazdu<\/b>, kt\u00f3ry pozwala przywr\u00f3ci\u0107 mu wygl\u0105d fabryczny, a cz\u0119sto nawet jeszcze lepszy. Obejmuje on zar\u00f3wno zewn\u0119trzn\u0105, jak i wewn\u0119trzn\u0105 cz\u0119\u015b\u0107 pojazdu.<\/h3>\n<p>[\/vc_column_text][\/vc_column][\/vc_row][vc_row bg_attachment=&#8221;inherit&#8221; enable_overlay=&#8221;yes&#8221; css=&#8221;.vc_custom_1763125755023{padding-top: 110px !important;padding-bottom: 110px !important;background-image: url(https:\/\/mkdet.pl\/wp-content\/uploads\/2025\/11\/5596027004_4233513f6e_b.jpg?id=316) !important;background-position: center !important;background-repeat: no-repeat !important;background-size: cover !important;}&#8221; overlay_bg=&#8221;rgba(13, 65, 63, 0.91)&#8221;][vc_column offset=&#8221;vc_col-md-offset-1 vc_col-md-10&#8243; responsive_css=&#8221;padding_right_medium:7%25&#8243;]<style>.ld_fancy_heading_69e366174e6fa h1{color:rgb(255, 255, 255);}.ld_fancy_heading_69e366174e6fa h1 {font-size:40px; } @media (min-width: 992px) { .ld_fancy_heading_69e366174e6fa h1 {font-size:50px; }  } .ld_fancy_heading_69e366174e6fa h1 {line-height:1.5em; } .ld_fancy_heading_69e366174e6fa h1 {--element-line-height:1.5em; } .ld_fancy_heading_69e366174e6fa .lqd-highlight-inner{height:0.275em!important;bottom:0px!important;}.ld_fancy_heading_69e366174e6fa h1 {font-size:40px; } @media (min-width: 992px) { .ld_fancy_heading_69e366174e6fa h1 {font-size:50px; }  } .ld_fancy_heading_69e366174e6fa h1 {line-height:1.5em; } .ld_fancy_heading_69e366174e6fa h1 {--element-line-height:1.5em; } <\/style><div class=\"ld-fancy-heading text-center ld_fancy_heading_69e366174e6fa\">\n\t<h1 class=\"ld-fh-element lqd-highlight-underline lqd-highlight-grow-left text-decoration-default lqd-split-words\"   data-split-text=\"true\" data-split-options='{\"type\":\"words\"}' data-custom-animations=\"true\" data-ca-options='{\"triggerHandler\":\"inview\",\"animationTarget\":\".lqd-words > .split-inner\",\"duration\":\"800\",\"delay\":\"20\",\"ease\":\"linear\",\"direction\":\"random\",\"initValues\":{\"opacity\":0},\"animations\":{\"opacity\":1}}'>  NASZA <span style=\"color: #ffcc23\">OFERTA<\/span><\/h1><\/div>[\/vc_column][\/vc_row][vc_row full_width=&#8221;stretch_row&#8221; enable_content_animation=&#8221;yes&#8221; animation_preset=&#8221;Fade In Right&#8221; css=&#8221;.vc_custom_1763584440645{margin-top: 20px !important;}&#8221;][vc_column width=&#8221;1\/4&#8243;]<div\nid=\"ld_content_box_69e366174e98c\" class=\"lqd-fb lqd-fb-style-1 round pos-rel overflow-hidden lqd-fb-zoom-img-onhover h-pt-100 ld_content_box_69e366174e98c\"\ndata-inview=\"true\"\ndata-slideelement-onhover=\"true\"\ndata-slideelement-options='{ \"visibleElement\": \"h6, h2\", \"hiddenElement\": \".lqd-fb-txt\" }'>\n\n\t<div class=\"lqd-fb-inner lqd-overlay\">\n\n\t\t<div class=\"lqd-fb-img lqd-overlay overflow-hidden\">\n\n\t\t<figure data-responsive-bg=\"true\"><img decoding=\"async\" width=\"1024\" height=\"768\" src=\"data:image\/svg+xml;charset=utf-8,%3Csvg xmlns%3D&#039;http%3A%2F%2Fwww.w3.org%2F2000%2Fsvg&#039; viewBox%3D&#039;0 0 1024 768&#039;%2F%3E\" class=\"w-100 invisible ld-lazyload\" alt=\"\" itemprop=\"image\" data-src=\"https:\/\/mkdet.pl\/wp-content\/uploads\/2025\/11\/6807544201_faef694331_o.jpg\" data-srcset=\"https:\/\/mkdet.pl\/wp-content\/uploads\/2025\/11\/6807544201_faef694331_o.jpg 1024w, https:\/\/mkdet.pl\/wp-content\/uploads\/2025\/11\/6807544201_faef694331_o-300x225.jpg 300w\" data-sizes=\"(max-width: 1024px) 100vw, 1024px\" data-aspect=\"1.3333333333333\" \/><\/figure>\t\t\n\t\t<\/div><!-- \/.lqd-fb-img -->\n\n\t\t<div class=\"lqd-fb-content lqd-overlay align-items-end\">\n\t\t\t<div class=\"lqd-fb-bg lqd-overlay\"><\/div><!-- \/.lqd-fb-bg lqd-overlay -->\n\t\t\t<div\n\t\t\tclass=\"lqd-fb-content-inner pos-rel p-4 p-md-7 w-100\"\n\t\t\tdata-custom-animations=\"true\"\n\t\t\tdata-ca-options='{ \"triggerHandler\": \"inview\", \"animationTarget\": \"all-childs\", \"duration\": 1200, \"delay\": 120,  \"startDelay\": 250, \"initValues\": { \"y\": 30, \"opacity\": 0 }, \"animations\": { \"y\": 0, \"opacity\": 1 } }'>\n\t\t\t\t\n\t\t\t\t\t\t\t\t\n\t\t\t\t\n\t\t\t\t\t\t\t\t\n\t\t\t<\/div><!-- \/.lqd-fb-content-inner -->\n\t\t<\/div><!-- \/.lqd-fb-content -->\n\n\t<\/div><!-- \/.lqd-fb-inner -->\n<\/div><!-- \/.lqd-fb pos-rel -->\n[\/vc_column][vc_column width=&#8221;1\/4&#8243;]<div\nid=\"ld_content_box_69e3661753792\" class=\"lqd-fb lqd-fb-style-1 round pos-rel overflow-hidden lqd-fb-zoom-img-onhover h-pt-100 ld_content_box_69e3661753792\"\ndata-inview=\"true\"\ndata-slideelement-onhover=\"true\"\ndata-slideelement-options='{ \"visibleElement\": \"h6, h2\", \"hiddenElement\": \".lqd-fb-txt\" }'>\n\n\t<div class=\"lqd-fb-inner lqd-overlay\">\n\n\t\t<div class=\"lqd-fb-img lqd-overlay overflow-hidden\">\n\n\t\t<figure data-responsive-bg=\"true\"><img decoding=\"async\" width=\"1024\" height=\"768\" src=\"data:image\/svg+xml;charset=utf-8,%3Csvg xmlns%3D&#039;http%3A%2F%2Fwww.w3.org%2F2000%2Fsvg&#039; viewBox%3D&#039;0 0 1024 768&#039;%2F%3E\" class=\"w-100 invisible ld-lazyload\" alt=\"\" itemprop=\"image\" data-src=\"https:\/\/mkdet.pl\/wp-content\/uploads\/2025\/11\/6807544201_faef694331_o.jpg\" data-srcset=\"https:\/\/mkdet.pl\/wp-content\/uploads\/2025\/11\/6807544201_faef694331_o.jpg 1024w, https:\/\/mkdet.pl\/wp-content\/uploads\/2025\/11\/6807544201_faef694331_o-300x225.jpg 300w\" data-sizes=\"(max-width: 1024px) 100vw, 1024px\" data-aspect=\"1.3333333333333\" \/><\/figure>\t\t\n\t\t<\/div><!-- \/.lqd-fb-img -->\n\n\t\t<div class=\"lqd-fb-content lqd-overlay align-items-end\">\n\t\t\t<div class=\"lqd-fb-bg lqd-overlay\"><\/div><!-- \/.lqd-fb-bg lqd-overlay -->\n\t\t\t<div\n\t\t\tclass=\"lqd-fb-content-inner pos-rel p-4 p-md-7 w-100\"\n\t\t\tdata-custom-animations=\"true\"\n\t\t\tdata-ca-options='{ \"triggerHandler\": \"inview\", \"animationTarget\": \"all-childs\", \"duration\": 1200, \"delay\": 120,  \"startDelay\": 250, \"initValues\": { \"y\": 30, \"opacity\": 0 }, \"animations\": { \"y\": 0, \"opacity\": 1 } }'>\n\t\t\t\t\n\t\t\t\t\t\t\t\t\n\t\t\t\t\n\t\t\t\t\t\t\t\t\n\t\t\t<\/div><!-- \/.lqd-fb-content-inner -->\n\t\t<\/div><!-- \/.lqd-fb-content -->\n\n\t<\/div><!-- \/.lqd-fb-inner -->\n<\/div><!-- \/.lqd-fb pos-rel -->\n[\/vc_column][vc_column width=&#8221;1\/4&#8243;]<div\nid=\"ld_content_box_69e3661758073\" class=\"lqd-fb lqd-fb-style-1 round pos-rel overflow-hidden lqd-fb-zoom-img-onhover h-pt-100 ld_content_box_69e3661758073\"\ndata-inview=\"true\"\ndata-slideelement-onhover=\"true\"\ndata-slideelement-options='{ \"visibleElement\": \"h6, h2\", \"hiddenElement\": \".lqd-fb-txt\" }'>\n\n\t<div class=\"lqd-fb-inner lqd-overlay\">\n\n\t\t<div class=\"lqd-fb-img lqd-overlay overflow-hidden\">\n\n\t\t<figure data-responsive-bg=\"true\"><img decoding=\"async\" width=\"1024\" height=\"768\" src=\"data:image\/svg+xml;charset=utf-8,%3Csvg xmlns%3D&#039;http%3A%2F%2Fwww.w3.org%2F2000%2Fsvg&#039; viewBox%3D&#039;0 0 1024 768&#039;%2F%3E\" class=\"w-100 invisible ld-lazyload\" alt=\"\" itemprop=\"image\" data-src=\"https:\/\/mkdet.pl\/wp-content\/uploads\/2025\/11\/6807544201_faef694331_o.jpg\" data-srcset=\"https:\/\/mkdet.pl\/wp-content\/uploads\/2025\/11\/6807544201_faef694331_o.jpg 1024w, https:\/\/mkdet.pl\/wp-content\/uploads\/2025\/11\/6807544201_faef694331_o-300x225.jpg 300w\" data-sizes=\"(max-width: 1024px) 100vw, 1024px\" data-aspect=\"1.3333333333333\" \/><\/figure>\t\t\n\t\t<\/div><!-- \/.lqd-fb-img -->\n\n\t\t<div class=\"lqd-fb-content lqd-overlay align-items-end\">\n\t\t\t<div class=\"lqd-fb-bg lqd-overlay\"><\/div><!-- \/.lqd-fb-bg lqd-overlay -->\n\t\t\t<div\n\t\t\tclass=\"lqd-fb-content-inner pos-rel p-4 p-md-7 w-100\"\n\t\t\tdata-custom-animations=\"true\"\n\t\t\tdata-ca-options='{ \"triggerHandler\": \"inview\", \"animationTarget\": \"all-childs\", \"duration\": 1200, \"delay\": 120,  \"startDelay\": 250, \"initValues\": { \"y\": 30, \"opacity\": 0 }, \"animations\": { \"y\": 0, \"opacity\": 1 } }'>\n\t\t\t\t\n\t\t\t\t\t\t\t\t\n\t\t\t\t\n\t\t\t\t\t\t\t\t\n\t\t\t<\/div><!-- \/.lqd-fb-content-inner -->\n\t\t<\/div><!-- \/.lqd-fb-content -->\n\n\t<\/div><!-- \/.lqd-fb-inner -->\n<\/div><!-- \/.lqd-fb pos-rel -->\n[\/vc_column][vc_column width=&#8221;1\/4&#8243;]<div\nid=\"ld_content_box_69e366175c9c2\" class=\"lqd-fb lqd-fb-style-1 round pos-rel overflow-hidden lqd-fb-zoom-img-onhover h-pt-100 ld_content_box_69e366175c9c2\"\ndata-inview=\"true\"\ndata-slideelement-onhover=\"true\"\ndata-slideelement-options='{ \"visibleElement\": \"h6, h2\", \"hiddenElement\": \".lqd-fb-txt\" }'>\n\n\t<div class=\"lqd-fb-inner lqd-overlay\">\n\n\t\t<div class=\"lqd-fb-img lqd-overlay overflow-hidden\">\n\n\t\t<figure data-responsive-bg=\"true\"><img decoding=\"async\" width=\"1024\" height=\"768\" src=\"data:image\/svg+xml;charset=utf-8,%3Csvg xmlns%3D&#039;http%3A%2F%2Fwww.w3.org%2F2000%2Fsvg&#039; viewBox%3D&#039;0 0 1024 768&#039;%2F%3E\" class=\"w-100 invisible ld-lazyload\" alt=\"\" itemprop=\"image\" data-src=\"https:\/\/mkdet.pl\/wp-content\/uploads\/2025\/11\/6807544201_faef694331_o.jpg\" data-srcset=\"https:\/\/mkdet.pl\/wp-content\/uploads\/2025\/11\/6807544201_faef694331_o.jpg 1024w, https:\/\/mkdet.pl\/wp-content\/uploads\/2025\/11\/6807544201_faef694331_o-300x225.jpg 300w\" data-sizes=\"(max-width: 1024px) 100vw, 1024px\" data-aspect=\"1.3333333333333\" \/><\/figure>\t\t\n\t\t<\/div><!-- \/.lqd-fb-img -->\n\n\t\t<div class=\"lqd-fb-content lqd-overlay align-items-end\">\n\t\t\t<div class=\"lqd-fb-bg lqd-overlay\"><\/div><!-- \/.lqd-fb-bg lqd-overlay -->\n\t\t\t<div\n\t\t\tclass=\"lqd-fb-content-inner pos-rel p-4 p-md-7 w-100\"\n\t\t\tdata-custom-animations=\"true\"\n\t\t\tdata-ca-options='{ \"triggerHandler\": \"inview\", \"animationTarget\": \"all-childs\", \"duration\": 1200, \"delay\": 120,  \"startDelay\": 250, \"initValues\": { \"y\": 30, \"opacity\": 0 }, \"animations\": { \"y\": 0, \"opacity\": 1 } }'>\n\t\t\t\t\n\t\t\t\t\t\t\t\t\n\t\t\t\t\n\t\t\t\t\t\t\t\t\n\t\t\t<\/div><!-- \/.lqd-fb-content-inner -->\n\t\t<\/div><!-- \/.lqd-fb-content -->\n\n\t<\/div><!-- \/.lqd-fb-inner -->\n<\/div><!-- \/.lqd-fb pos-rel -->\n[\/vc_column][\/vc_row]<\/p>\n","protected":false},"excerpt":{"rendered":"<p>[vc_row full_height=&#8221;yes&#8221; fade_scroll=&#8221;yes&#8221; parallax=&#8221;enable_parallax&#8221; enable_cc_circle=&#8221;yes&#8221; bg_attachment=&#8221;fixed&#8221; enable_overlay=&#8221;yes&#8221; enable_row_dividers=&#8221;yes&#8221; enable_loading_bg=&#8221;yes&#8221; css=&#8221;.vc_custom_1762977624323{padding-top: 100px !important;padding-bottom: 100px !important;background-image: url(https:\/\/mkdet.pl\/wp-content\/uploads\/2025\/11\/pngtree-abstract-neon-orange-and-yellow-light-illuminate-3d-rendered-brick-wall-picture-image_3653266.png?id=254) !important;background-position: center;background-repeat: no-repeat;background-size:cover;}&#8221; row_svg_divider=&#8221;top_shape_height:0|bottom_shape_type:9|bottom_shape_color:%20%23ffffff00|bottom_shape_height:90&#8243; overlay_bg=&#8221;rgba(0, 0, 0, 0.31)&#8221; responsive_css=&#8221;padding_top_medium:0px|padding_bottom_medium:0px|padding_top_small:60px|padding_bottom_small:60px&#8221; cc_circle_color=&#8221;rgb(255, 0, 0)&#8221;][vc_column enable_content_animation=&#8221;yes&#8221; ca_init_scale_x=&#8221;1&#8243; ca_init_scale_y=&#8221;1&#8243; ca_init_opacity=&#8221;0&#8243; ca_an_scale_x=&#8221;1&#8243; ca_an_scale_y=&#8221;1&#8243; ca_an_opacity=&#8221;1&#8243; ca_init_scale_z=&#8221;1&#8243; ca_an_scale_z=&#8221;1&#8243; align=&#8221;text-center&#8221; offset=&#8221;vc_col-md-offset-2 vc_col-md-8&#8243; ca_duration=&#8221;1800&#8243; ca_delay=&#8221;180&#8243; ca_init_translate_y=&#8221;45&#8243; ca_start_delay=&#8221;250&#8243; responsive_align=&#8221;text-center&#8221;][\/vc_column][vc_column enable_content_animation=&#8221;yes&#8221; ca_init_scale_x=&#8221;1&#8243; ca_init_scale_y=&#8221;1&#8243; ca_init_opacity=&#8221;0&#8243; ca_an_scale_x=&#8221;1&#8243; ca_an_scale_y=&#8221;1&#8243; ca_an_opacity=&#8221;1&#8243; ca_init_scale_z=&#8221;1&#8243; ca_an_scale_z=&#8221;1&#8243; align=&#8221;text-center&#8221; el_id=&#8221;scroll-down-link-container&#8221; [&hellip;]<\/p>\n","protected":false},"author":1,"featured_media":0,"parent":0,"menu_order":0,"comment_status":"closed","ping_status":"closed","template":"","meta":{"footnotes":""},"class_list":["post-14","page","type-page","status-publish","hentry"],"_links":{"self":[{"href":"https:\/\/mkdet.pl\/index.php?rest_route=\/wp\/v2\/pages\/14","targetHints":{"allow":["GET"]}}],"collection":[{"href":"https:\/\/mkdet.pl\/index.php?rest_route=\/wp\/v2\/pages"}],"about":[{"href":"https:\/\/mkdet.pl\/index.php?rest_route=\/wp\/v2\/types\/page"}],"author":[{"embeddable":true,"href":"https:\/\/mkdet.pl\/index.php?rest_route=\/wp\/v2\/users\/1"}],"replies":[{"embeddable":true,"href":"https:\/\/mkdet.pl\/index.php?rest_route=%2Fwp%2Fv2%2Fcomments&post=14"}],"version-history":[{"count":78,"href":"https:\/\/mkdet.pl\/index.php?rest_route=\/wp\/v2\/pages\/14\/revisions"}],"predecessor-version":[{"id":323,"href":"https:\/\/mkdet.pl\/index.php?rest_route=\/wp\/v2\/pages\/14\/revisions\/323"}],"wp:attachment":[{"href":"https:\/\/mkdet.pl\/index.php?rest_route=%2Fwp%2Fv2%2Fmedia&parent=14"}],"curies":[{"name":"wp","href":"https:\/\/api.w.org\/{rel}","templated":true}]}}